10) to base 15.
a99077
-117804 (base 10) to base 5
-12232204
What is -1475711 (base 9) in base 6?
-25310014
106736 (base 8) to base 5
2130233
What is -137622 (base 8) in base 14?
-13c30
What is 604512 (base 7) in base 6?
2110220
What is f990 (base 16) in base 4?
33212100
Convert -39a04 (base 15) to base 7.
-1365625
-1113230030 (base 4) to base 2
-1010111101100001100
Convert 124010 (base 12) to base 7.
2345361
2a670 (base 11) to base 8
124603
Convert a8261a (base 13) to base 15.
52e684
What is 46325 (base 8) in base 2?
100110011010101
Convert -2000212221021 (base 3) to base 11.
-67873a
What is 11065310 (base 8) in base 11?
1390126
Convert 2100103112 (base 4) to base 8.
2202326
Convert -24410 (base 9) to base 14.
-5d75
131122302 (base 4) to base 3
20010021220
What is -bcc66 (base 13) in base 2?
-1010011101001110111
Convert -21113141 (base 5) to base 6.
-3435010
308a93 (base 15) to base 10
2307513
1a74 (base 14) to base 6
34130
-110010010011101010101 (base 2) to base 16
-192755
-100111001000110000110 (base 2) to base 12
-51a19a
-10112200000 (base 3) to base 12
-34439
What is 67452 (base 12) in base 14?
37da6
1140255 (base 7) to base 3
21022210200
Convert 110000101101100000010 (base 2) to base 11.
9a0247
What is 1684a (base 11) in base 9?
35386
Convert 1021201010200 (base 3) to base 13.
1abc59
Convert 219316 (base 11) to base 2.
1010101001110101110
Convert -510a9 (base 13) to base 4.
-203123311
37421 (base 9) to base 2
110001000101001
Convert 770796 (base 10) to base 5.
144131141
-23551772 (base 8) to base 14
-986974
What is 21320032 (base 4) in base 9?
61447
Convert 10110101101001001 (base 2) to base 9.
151514
Convert -120000002220 (base 3) to base 15.
-5c783
-10202222100 (base 3) to base 11
-50942
What is -71101 (base 10) in base 13?
-26494
Convert -26000 (base 15) to base 6.
-2334300
323012500 (base 6) to base 16
579834
149ab4 (base 12) to base 6
11251144
-11515250 (base 6) to base 8
-1316516
Convert 40145 (base 13) to base 15.
23db5
What is 1051124 (base 8) in base 5?
33030340
66034 (base 8) to base 10
27676
What is 1223302320 (base 4) in base 10?
441528
3cf6a (base 16) to base 2
111100111101101010
-100230142 (base 5) to base 2
-1100001010111001101
11120300 (base 5) to base 7
556204
Convert 2323022320 (base 4) to base 5.
144013043
What is 76257 (base 12) in base 16?
260e3
Convert 110110100000001 (base 2) to base 5.
1343110
114220114 (base 5) to base 14
1004c8
Convert 11000103322 (base 4) to base 13.
36c238
-2000021102100 (base 3) to base 6
-34521443
44021615 (base 7) to base 15
4e717e
-b62b (base 15) to base 2
-1001011001110100
65140 (base 14) to base 12
b9584
Convert -48d6a3 (base 15) to base 2.
-1101010011100010000110
Convert 12350401 (base 6) to base 4.
1202130001
-2774735 (base 9) to base 5
-342310132
38588b (base 13) to base 7
14341624
Convert 760126 (base 8) to base 4.
332001112
105162052 (base 7) to base 15
861ca7
What is -10011101101011010 (base 2) in base 14?
-215c6
Convert 1554615 (base 8) to base 13.
129436
303221233011 (base 4) to base 8
63515705
What is -4876193 (base 10) in base 4?
-102212132201
What is -13012221002 (base 4) in base 6?
-103525202
7021847 (base 9) to base 11
2120978
-ba158b (base 16) to base 2
-101110100001010110001011
-11142341 (base 5) to base 16
-18589
What is 32330332 (base 4) in base 16?
ef3e
Convert -1454330 (base 6) to base 11.
-59042
-330337 (base 12) to base 4
-3011203123
What is 56636261 (base 7) in base 16?
4b48dd
What is -10010110010011110100111 (base 2) in base 6?
-253322315
What is 467705 (base 8) in base 12?
784b1
Convert -3007781 (base 9) to base 13.
-4403b0
Convert 626368 (base 9) to base 5.
43401340
1010101100101000 (base 2) to base 13
16c36
Convert -4868147 (base 11) to base 2.
-100000010100101011100110
Convert 265877 (base 9) to base 16.
27823
What is -6522347 (base 9) in base 2?
-1101010110001100000101
What is 2101060 (base 11) in base 12?
12a8516
Convert 100000001011000111101 (base 2) to base 14.
1d62cd
2125525 (base 6) to base 5
11324312
2127481 (base 9) to base 2
100010110011101001001
What is 28e04d (base 15) in base 6?
110125201
Convert 684938 (base 12) to base 2.
110010111000000111100
-1120000200 (base 3) to base 2
-111011110101100
What is -195b18 (base 12) in base 16?
-6cd04
What is -40131404 (base 6) in base 12?
-466b64
Convert 1776b6 (base 15) to base 14.
21909a
What is 10100000011011110010 (base 2) in base 16?
a06f2
Convert -563433 (base 10) to base 3.
-1001121212220
Convert -66d3b (base 15) to base 16.
-4fd45
Convert -31136150 (base 7) to base 5.
-1132130210
-130552 (base 9) to base 5
-10013214
-171439 (base 12) to base 9
-663600
Convert -102100211121020 (base 3) to base 9.
-12324536
-61f3 (base 16) to base 8
-60763
What is 204222525 (base 6) in base 11?
2015182
Convert 110101000010000101 (base 2) to base 12.
a5859
What is 8304 (base 15) in base 7?
143461
Convert 13f882 (base 16) to base 15.
1acbd7
Convert -92780 (base 10) to base 4.
-112221230
What is -5765651 (base 10) in base 8?
-25775023
3856542 (base 9) to base 6
113034145
Convert -16071154 (base 8) to base 4.
-32013021230
Convert 5285b (base 13) to base 15.
2e087
What is -3232222310 (base 4) in base 13?
-282c71
What is 61255 (base 7) in base 8?
35047
What is 555015335 (base 6) in base 11?
5733397
What is 5132c (base 14) in base 8?
575574
Convert -144156 (base 7) to base 15.
-83d3
Convert 3130410 (base 5) to base 11.
36065
Convert 11001011 (base 5) to base 14.
262db
What is 60562565 (base 7) in base 9?
10432452
Convert -ef10be (base 16) to base 8.
-73610276
Convert -10330513 (base 6) to base 12.
-129a39
448aa43 (base 11) to base 3
112210102211111
-135654 (base 10) to base 13
-4998c
136312464 (base 7) to base 15
bca319
What is 1366584 (base 11) in base 2?
1000111110000010001011
14373566 (base 8) to base 7
36555660
-203107 (base 8) to base 4
-100121013
-1caddf (base 16) to base 8
-7126737
Convert 327831 (base 9) to base 15.
3d14d
Convert 202141002 (base 5) to base 8.
3076114
Convert -72781 (base 10) to base 14.
-1c749
Convert -d2c2 (base 14) to base 10.
-36234
What is -409d1 (base 14) in base 6?
-3200231
Convert 13232120 (base 4) to base 8.
75630
Convert 25b050 (base 12) to base 14.
122152
30121023 (base 8) to base 5
3110123242
Convert 1014113 (base 5) to base 13.
7840
What is -3243136 (base 8) in base 2?
-11010100011001011110
-5bc314 (base 14) to base 3
-12220210110000
What is 4054003 (base 7) in base 12?
1b40b4
Convert -4336659 (base 10) to base 9.
-8138700
11746 (base 10) to base 4
2313202
-2421414 (base 6) to base 3
-20110201201
What is -246546 (base 7) in base 14?
-1285d
Convert -6877208 (base 10) to base 8.
-32170030
-16039 (base 12) to base 7
-156546
What is -324241121 (base 5) in base 8?
-5255360
What is -17572475 (base 10) in base 11?
-9a12508
Convert -2600255 (base 8) to base 3.
-1100122010021
4a23 (base 12) to base 10
8379
Convert -48e733 (base 15) to base 16.
-35462d
1233213213 (base 4) to base 10
457191
595d (base 14) to base 15
492c
4819b (base 12) to base 7
552614
What is 101000010110100011000111 (base 2) in base 3?
201220102110012
What is 251525323 (base 6) in base 5?
2220120433
Convert -120202220000 (base 3) to base 13.
-ab417
What is -3083088 (base 9) in base 15?
-228938
Convert 500e2 (base 16) to base 9.
548720
24251136 (base 7) to base 12
8841a0
-2c4ecb (base 15) to base 11
-1234155
What is -1543196 (base 11) in base 14?
-4c9d4b
What is 641c41 (base 15) in base 4?
102023103112
110111021121 (base 3) to base 6
5134154
What is 10103333 (base 5) in base 16?
13f36
-1304330130 (base 5) to base 12
-10a319a
Convert -29c8d2 (base 14) to base 5.
-333043242
Convert -1101010010120 (base 3) to base 2.
-10110010010110111010
What is -44050330 (base 7) in base 6?
-212541501
What is 2220201001211 (base 3) in base 6?
53112034
12120423 (base 5) to base 16
1bcc7
-133311012 (base 4) to base 9
-217750
1010000201 (base 4) to base 11
180318
Convert -355720 (base 8) to base 14.
-32568
-10110110101101011111010 (base 2) to base 6
-332153522
402222002 (base 6) to base 5
3222032404
What is 101111100011010000 (base 2) in base 12?
94868
What is -35909 (base 11) in base 7?
-303442
What is -1b037c (base 14) in base 12?
-3a4236
Convert 316037 (base 8) to base 3.
12100201112
Convert 1ea987 (base 16) to base 5.
1003300404
What is -89aa0c (ba